f 31403216?
True
Is 56 a factor of 4200330?
False
Is 305 a factor of 4165672?
False
Does 63 divide 233667?
True
Is 8499190 a multiple of 230?
True
Does 9 divide 6763299?
False
Is 89 a factor of 950342?
True
Is 4760 a multiple of 5?
True
Is 161183 a multiple of 253?
False
Is 200 a factor of 17682246?
False
Is 1639544 a multiple of 7?
False
Is 93 a factor of 388368?
True
Does 591 divide 7096552?
False
Does 7 divide 9497?
False
Is 89280 a multiple of 6?
True
Is 23 a factor of 665869?
False
Does 90 divide 113130?
True
Is 28 a factor of 21657636?
True
Is 22 a factor of 6345284?
True
Is 16 a factor of 20900496?
True
Does 12 divide 727625?
False
Is 2130370 a multiple of 11?
True
Does 35 divide 412510?
True
Does 135 divide 561870?
True
Is 14912801 a multiple of 9?
False
Does 154 divide 26780?
False
Does 24 divide 302042?
False
Is 117052 a multiple of 52?
True
Does 1730 divide 12867740?
True
Does 14 divide 37212?
True
Does 17 divide 11446631?
False
Is 6825720 a multiple of 11?
True
Is 2013760 a multiple of 248?
True
Is 13555 a multiple of 3?
False
Is 12 a factor of 340893?
False
Is 147 a factor of 408205?
False
Is 166953 a multiple of 408?
False
Is 13 a factor of 21307?
True
Is 6555119 a multiple of 115?
False
Is 16 a factor of 8208208?
True
Is 27542 a multiple of 47?
True
Is 151 a factor of 167397?
False
Is 5 a factor of 1951844?
False
Is 6943159 a multiple of 487?
True
Does 683 divide 786146?
False
Does 495 divide 4138200?
True
Does 106 divide 96750?
False
Does 49 divide 1240609?
False
Is 7 a factor of 3232?
False
Does 12 divide 923868?
True
Is 12 a factor of 4103400?
True
Is 23 a factor of 609595?
False
Does 537 divide 4081377?
False
Is 16 a factor of 167332?
False
Does 315 divide 7996179?
False
Does 34 divide 39926?
False
Is 101 a factor of 636502?
True
Does 62 divide 3143086?
False
Is 705 a factor of 2824908?
False
Does 1274 divide 12181988?
True
Is 1267875 a multiple of 15?
True
Is 73 a factor of 119310?
False
Does 32 divide 228731?
False
Does 9 divide 87748?
False
Does 53 divide 140137?
False
Does 12 divide 347652?
True
Is 4917140 a multiple of 235?
True
Is 63 a factor of 1036119?
False
Does 31 divide 708486?
False
Does 106 divide 536996?
True
Does 3 divide 8011?
False
Does 31 divide 246154?
False
Is 10700034 a multiple of 402?
True
Does 4 divide 201742?
False
Is 900239 a multiple of 111?
False
Does 71 divide 218105?
False
Does 4 divide 827108?
True
Does 75 divide 946350?
True
Is 576646 a multiple of 13?
False
Is 120 a factor of 3035918?
False
Does 10 divide 336850?
True
Is 243 a factor of 598517?
False
Is 256811 a multiple of 67?
True
Is 2523997 a multiple of 1403?
True
Does 69 divide 36839?
False
Is 1644032 a multiple of 208?
True
Does 344 divide 2585735?
False
Does 16 divide 17594?
False
Does 177 divide 102351?
False
Is 7 a factor of 645064?
True
Does 40 divide 1633560?
True
Is 9 a factor of 96763?
False
Does 5 divide 623015?
True
Is 12 a factor of 15600?
True
Does 392 divide 2244592?
True
Does 130 divide 271830?
True
Does 376 divide 7163?
False
Does 12 divide 3828?
True
Is 13 a factor of 1029860?
True
Is 391793 a multiple of 81?
False
Is 646 a factor of 6023950?
True
Is 42 a factor of 2251032?
True
Is 68333 a multiple of 8?
False
Does 5 divide 923406?
False
Does 31 divide 25817?
False
Does 43 divide 808389?
False
Is 114617 a multiple of 214?
False
Is 1271710 a multiple of 10?
True
Is 183600 a multiple of 255?
True
Does 136 divide 4359169?
False
Is 461553 a multiple of 268?
False
Is 8678040 a multiple of 140?
True
Is 295819 a multiple of 2?
False
Is 25180 a multiple of 17?
False
Does 2 divide 42791?
False
Does 107 divide 7232237?
True
Is 4274912 a multiple of 16?
True
Is 153264 a multiple of 145?
False
Is 3765552 a multiple of 7?
True
Is 432802 a multiple of 7?
False
Is 16 a factor of 1756176?
True
Is 48 a factor of 120380?
False
Does 136 divide 1265865?
False
Is 26 a factor of 86164?
True
Is 163 a factor of 8595805?
True
Is 11946 a multiple of 6?
True
Does 49 divide 211843?
False
Is 199 a factor of 40828?
False
Does 168 divide 621096?
True
Is 3 a factor of 263542?
False
Is 47768 a multiple of 8?
True
Is 95772 a multiple of 69?
True
Does 9 divide 323820?
True
Does 57 divide 25633?
False
Is 998025 a multiple of 21?
True
Is 24 a factor of 42648?
True
Does 53 divide 169851?
False
Is 236214 a multiple of 66?
True
Is 8 a factor of 55228?
False
Is 1982498 a multiple of 58?
True
Is 1659746 a multiple of 30?
False
Is 208846 a multiple of 22?
True
Is 507822 a multiple of 39?
False
Does 17 divide 109021?
True
Is 325 a factor of 1089725?
True
Does 26 divide 366444?
True
Is 588753 a multiple of 171?
True
Is 13 a factor of 5394779?
True
Does 13 divide 3182189?
False
Is 21 a factor of 156933?
True
Is 34 a factor of 608246?
False
Does 88 divide 5565296?
True
Is 14 a factor of 155522?
False
Does 7 divide 70679?
True
Is 9 a factor of 96661?
False
Is 32 a factor of 3000416?
True
Is 631808 a multiple of 3?
False
Is 17 a factor of 315972?
False
Is 1713541 a multiple of 38?
False
Is 3524969 a multiple of 7?
True
Is 9871902 a multiple of 12?
False
Does 7 divide 14403?
False
Is 41238 a multiple of 79?
True
Is 67536 a multiple of 7?
True
Is 3411083 a multiple of 75?
False
Does 5 divide 1112172?
False
Is 7 a factor of 1499575?
True
Does 15 divide 6062854?
False
Is 489928 a multiple of 47?
True
Is 996235 a multiple of 11?
False
Is 258152 a multiple of 4?
True
Is 431658 a multiple of 162?
False
Does 7 divide 674686?
False
Is 343 a factor of 210336?
False
Is 22704 a multiple of 81?
False
Does 16 divide 1695115?
False
Does 46 divide 160172?
True
Does 158 divide 404954?
True
Is 1651615 a multiple of 35?
True
Is 40739 a multiple of 47?
False
Is 5190033 a multiple of 1149?
True
Does 2162 divide 16493898?
True
Is 3 a factor of 7660?
False
Does 39 divide 715611?
True
Is 33 a factor of 24618?
True
Is 3336 a multiple of 24?
True
Is 9317 a multiple of 2?
False
Does 31 divide 35340?
True
Is 3 a factor of 933194?
False
Does 7 divide 98476?
True
Is 11 a factor of 517218?
False
Is 355 a factor of 21300?
True
Does 262 divide 825106?
False
Is 3846624 a multiple of 408?
True
Does 216 divide 112370?
False
Is 59 a factor of 304467?
False
Is 1655160 a multiple of 260?
True
Is 217775 a multiple of 115?
False
Is 1012818 a multiple of 391?
False
Does 10 divide 13100?
True
Is 92 a factor of 344069?
False
Is 1337715 a multiple of 135?
True
Is 85 a factor of 2337925?
True
Is 2 a factor of 3458?
True
Is 16 a factor of 401095?
False
Does 22 divide 8717368?
True
Is 145 a factor of 2099679?
False
Does 33 divide 1888557?
True
Is 522 a factor of 3295325?
False
Does 38 divide 6840707?
False
Is 19 a factor of 197524?
True
Is 68 a factor of 227188?
True
Is 2252517 a multiple of 17?
True
Is 8 a factor of 292160?
True
Is 462978 a multiple of 9?
True
Is 34 a factor of 1475339?
False
Does 34 divide 1281562?
True
Does 555 divide 4633140?
True
Does 23 divide 620288?
False
Does 61 divide 230763?
True
Is 159270 a multiple of 30?
True
Is 253052 a multiple of 164?
True
Is 438 a factor of 428674?
False
Is 54 a factor of 3252528?
True
Does 7 divide 12164852?
True
Is 25 a factor of 1232766?
False
Does 56 divide 33600?
True
Does 23 divide 1525061?
True
Does 83 divide 5626899?
False
Is 1226205 a multiple of 740?
False
Is 30590 a multiple of 133?
True
Does 9 divide 96408?
True
Is 229 a factor of 534944?
True
Is 97 a factor of 372480?
True
Is 32893 a multiple of 127?
True
Is 31 a factor of 206584?
True
Does 492 divide 2400526?
False
Is 120 a factor of 67454?
False
Does 86 divide 13473448?
True
Is 1610 a factor of 25196753?
False
Is 145684 a multiple of 153?
False
Does 9 divide 439003?
False
Is 9434167 a multiple of 20?
False
Is 65 a factor of 24442120?
False
Is 917810 a multiple of 116?
False
Does 261 divide 1817865?
True
Is 552417 a multiple of 177?
True
Is 84735 a multiple of 9?
True
Does 130 divide 77090?
True
Is 36 a factor of 567684?
True
Is 1414420 a multiple of 412?
False
Is 80 a factor of 63225?
False
Is 136750 a multiple of 250?
True
Is 9 a factor of 125799?
False
Is 11 a factor of 170723?
False
Does 240 divide 6567840?
True
Is 151794 a multiple of 9?
True
Is 180 a factor of 480060?
True
Is 1367145 a multiple of 39?
True
Is 21 a factor of 6931596?
True
Is 2927199 a multiple of 107?
True
Is 348411 a multipl